e prime factors of 8881455180.
2, 3, 5, 13, 17, 137, 4889
What are the prime factors of 4151907781?
7, 97, 6114739
What are the prime factors of 267043677?
3, 89014559
What are the prime factors of 38571791?
38571791
List the prime factors of 5638442859.
3, 7, 2417, 12343
What are the prime factors of 648851519?
648851519
List the prime factors of 1328603206.
2, 7, 487, 194867
List the prime factors of 26266660.
2, 5, 7, 373, 503
List the prime factors of 69834046.
2, 3929, 8887
List the prime factors of 346494423.
3, 11, 10499831
What are the prime factors of 136585933?
11, 1063, 11681
List the prime factors of 83055116.
2, 23, 39251
List the prime factors of 1279128493.
839, 1524587
List the prime factors of 135247191.
3, 4391, 10267
What are the prime factors of 760517046?
2, 3, 3167, 4447
What are the prime factors of 97295223?
3, 32431741
What are the prime factors of 357950383?
7, 51135769
What are the prime factors of 1017799286?
2, 7, 83, 157, 797
List the prime factors of 62576783.
41, 1526263
List the prime factors of 48320052.
2, 3, 11, 17, 61, 353
List the prime factors of 469687458.
2, 3, 17, 233, 19763
What are the prime factors of 2077514992?
2, 7, 29, 523, 1223
List the prime factors of 583019179.
59, 97, 101873
What are the prime factors of 111257868?
2, 3, 9271489
List the prime factors of 225501818.
2, 73, 1544533
List the prime factors of 308207929.
61, 5052589
List the prime factors of 1668015753.
3, 556005251
List the prime factors of 308056849.
131, 2351579
List the prime factors of 1507039413.
3, 11, 269, 169769
List the prime factors of 837975019.
7, 293, 58367
List the prime factors of 2010283494.
2, 3, 335047249
What are the prime factors of 475822277?
7, 67974611
What are the prime factors of 1526284599?
3, 7, 17, 61, 109, 643
List the prime factors of 5374134124.
2, 163, 8242537
List the prime factors of 287354143.
287354143
List the prime factors of 61694192.
2, 7, 550841
List the prime factors of 1408178681.
7, 13, 15474491
What are the prime factors of 235840792?
2, 11, 2680009
What are the prime factors of 6507323896?
2, 691, 1177157
What are the prime factors of 53984856?
2, 3, 1123, 2003
List the prime factors of 23807963.
23807963
List the prime factors of 3728346635.
5, 13, 109, 526231
List the prime factors of 348039217.
89, 3910553
What are the prime factors of 2773226396?
2, 19, 31, 109, 10799
List the prime factors of 28862983.
4933, 5851
What are the prime factors of 20242123?
11, 83, 22171
List the prime factors of 7444629.
3, 91909
List the prime factors of 6607375.
5, 52859
List the prime factors of 91770718.
2, 13, 61, 4451
What are the prime factors of 387546898?
2, 101, 1918549
What are the prime factors of 1519956117?
3, 56294671
List the prime factors of 279418439.
279418439
What are the prime factors of 57076742?
2, 3623, 7877
What are the prime factors of 171359616?
2, 3, 73, 6113
What are the prime factors of 3330875566?
2, 101, 16489483
List the prime factors of 1446606.
2, 3, 7, 43, 89
What are the prime factors of 196907011?
7, 3121, 9013
List the prime factors of 219245485.
5, 31, 479, 2953
What are the prime factors of 107364184?
2, 23, 583501
What are the prime factors of 28756319?
28756319
List the prime factors of 592986420.
2, 3, 5, 13, 37, 761
List the prime factors of 9882151.
17, 581303
List the prime factors of 112104467.
67, 659, 2539
What are the prime factors of 965335823?
1307, 738589
List the prime factors of 20886497.
101, 227, 911
List the prime factors of 26708459.
26708459
List the prime factors of 227526256.
2, 3361, 4231
What are the prime factors of 788242282?
2, 394121141
What are the prime factors of 1073940994?
2, 7, 76710071
What are the prime factors of 503798292?
2, 3, 518311
List the prime factors of 31718315.
5, 19, 29, 397
What are the prime factors of 151086510?
2, 3, 5, 1678739
What are the prime factors of 49535870?
2, 5, 4953587
List the prime factors of 190746821.
47, 4058443
What are the prime factors of 498646065?
3, 5, 33243071
List the prime factors of 426235037.
19, 22433423
List the prime factors of 8194034267.
1051, 2203, 3539
List the prime factors of 19517285.
5, 3903457
List the prime factors of 2395004831.
2395004831
List the prime factors of 73628675.
5, 2945147
What are the prime factors of 66446094?
2, 3, 11, 13, 43, 1801
What are the prime factors of 35960220?
2, 3, 5, 66593
List the prime factors of 3943881595.
5, 17, 46398607
What are the prime factors of 8267386825?
5, 7541, 43853
List the prime factors of 7794719.
331, 23549
List the prime factors of 2820533821.
7, 3557, 113279
List the prime factors of 479029356.
2, 3, 13, 271, 1259
What are the prime factors of 186251010?
2, 3, 5, 11, 23, 53, 463
What are the prime factors of 4048184718?
2, 3, 224899151
List the prime factors of 73583547.
3, 937, 26177
List the prime factors of 24099408.
2, 3, 101, 1657
What are the prime factors of 2956385890?
2, 5, 295638589
What are the prime factors of 12875240?
2, 5, 7, 6569
What are the prime factors of 101800843?
101800843
What are the prime factors of 256288757?
109, 521, 4513
List the prime factors of 7671675.
3, 5, 11, 17, 547
What are the prime factors of 2597991?
3, 11, 17, 421
List the prime factors of 110429711.
7, 149, 239, 443
What are the prime factors of 3015318369?
3, 7, 43, 59, 56597
What are the prime factors of 44698351?
1153, 38767
What are the prime factors of 51469393?
31, 137, 12119
List the prime factors of 199511762.
2, 17, 5867993
What are the prime factors of 67345687?
17, 127, 31193
What are the prime factors of 45486791?
7, 6498113
What are the prime factors of 1538438408?
2, 13, 41, 421, 857
List the prime factors of 227875890.
2, 3, 5, 11, 690533
List the prime factors of 10181740.
2, 5, 509087
What are the prime factors of 451079961?
3, 150359987
What are the prime factors of 5630613232?
2, 37, 9511171
List the prime factors of 49893427.
29, 37, 46499
What are the prime factors of 122728984?
2, 7, 17, 137, 941
List the prime factors of 15181841.
1201, 12641
What are the prime factors of 252889245?
3, 5, 7, 114689
What are the prime factors of 3935656655?
5, 7, 17, 59, 112111
What are the prime factors of 17530960?
2, 5, 419, 523
List the prime factors of 34876712.
2, 13, 491, 683
What are the prime factors of 1995668152?
2, 31, 659, 12211
List the prime factors of 34928398.
2, 23, 759313
What are the prime factors of 215558022?
2, 3, 211, 170267
List the prime factors of 16076256.
2, 3, 7, 47, 509
What are the prime factors of 10977589?
7, 101, 15527
List the prime factors of 33691335.
3, 5, 743, 3023
List the prime factors of 148900620.
2, 3, 5, 11, 17, 23, 577
List the prime factors of 3617026719.
3, 883, 1365431
What are the prime factors of 445012442?
2, 7, 41, 137, 5659
What are the prime factors of 753827322?
2, 3, 79, 313, 5081
List the prime factors of 1010936967.
3, 336978989
List the prime factors of 424301410.
2, 5, 13, 1019, 3203
List the prime factors of 38982950.
2, 5, 779659
What are the prime factors of 204564147?
3, 68188049
What are the prime factors of 3924497385?
3, 5, 3230039
What are the prime factors of 522923595?
3, 5, 34861573
List the prime factors of 27883055.
5, 67, 83233
What are the prime factors of 2247242539?
2247242539
List the prime factors of 4755584471.
11, 17, 210173
What are the prime factors of 5630542576?
2, 2521, 139591
What are the prime factors of 4748717362?
2, 2374358681
List the prime factors of 162043994.
2, 7, 11574571
List the prime factors of 46447163.
7, 6635309
What are the prime factors of 9517102?
2, 7, 679793
List the prime factors of 2524497107.
11, 2909, 78893
List the prime factors of 246501820.
2, 5, 19, 648689
List the prime factors of 3803032065.
3, 5, 7, 36219353
List the prime factors of 21926258.
2, 929, 11801
List the prime factors of 1185230366.
2, 61, 157, 61879
What are the prime factors of 589703807?
7, 11, 7658491
List the prime factors of 148775434.
2, 19, 3915143
List the prime factors of 126070010.
2, 5, 11, 1146091
What are the prime factors of 120602042?
2, 11, 1549, 3539
What are the prime factors of 11685064?
2, 1460633
List the prime factors of 1408113887.
1408113887
List the prime factors of 344148112.
2, 7, 11, 31, 9011
What are th